8777 a prime number?
True
Is 1202689 a prime number?
True
Is 121403 prime?
True
Is 38107 prime?
False
Is 421757 a prime number?
False
Is 421111 prime?
False
Is 87467 prime?
False
Is 22663 a composite number?
True
Is 23609 a prime number?
True
Is 14699 composite?
False
Is 391861 a composite number?
False
Is 33239 a composite number?
True
Is 622987 a prime number?
True
Is 201013 composite?
True
Is 2413 prime?
False
Is 2333 prime?
True
Is 31241 a composite number?
True
Is 79967 a prime number?
True
Is 67339 prime?
True
Is 47427 prime?
False
Is 47837 prime?
True
Is 35101 prime?
False
Is 9327 composite?
True
Is 164231 composite?
False
Is 132401 a composite number?
True
Is 40423 composite?
False
Is 9033 composite?
True
Is 261881 a composite number?
False
Is 5059 a prime number?
True
Is 4259 composite?
False
Is 1605902 a composite number?
True
Is 102229 a prime number?
True
Is 847523 composite?
True
Is 55967 a prime number?
True
Is 8941 a composite number?
False
Is 5218 composite?
True
Is 5981 a composite number?
False
Is 977 a composite number?
False
Is 3226 prime?
False
Is 2723 a prime number?
False
Is 323027 a composite number?
False
Is 41281 composite?
False
Is 583969 composite?
False
Is 33923 a prime number?
True
Is 3089 composite?
False
Is 39079 a prime number?
True
Is 4009 a composite number?
True
Is 8691 a prime number?
False
Is 1757 a composite number?
True
Is 113417 a composite number?
False
Is 81223 prime?
True
Is 6599 prime?
True
Is 1602677 a prime number?
True
Is 58757 composite?
False
Is 26513 composite?
False
Is 8465 prime?
False
Is 162923 prime?
False
Is 21401 a prime number?
True
Is 113573 a composite number?
True
Is 145918 prime?
False
Is 478301 prime?
False
Is 192601 prime?
True
Is 12307 a composite number?
True
Is 2203 prime?
True
Is 384771 a prime number?
False
Is 4267 a prime number?
False
Is 202519 a prime number?
True
Is 284951 a prime number?
False
Is 1014931 a prime number?
False
Is 15761 composite?
False
Is 72763 prime?
True
Is 7789 prime?
True
Is 1249 a composite number?
False
Is 271637 a composite number?
False
Is 15163 composite?
True
Is 25229 a prime number?
True
Is 90295 composite?
True
Is 6043649 prime?
True
Is 1799251 composite?
False
Is 427681 composite?
False
Is 1643 prime?
False
Is 187507 composite?
False
Is 48293 a prime number?
False
Is 129235 prime?
False
Is 2053 prime?
True
Is 1075538 composite?
True
Is 15815 a composite number?
True
Is 789155 prime?
False
Is 217993 prime?
False
Is 72739 a composite number?
False
Is 1249 composite?
False
Is 4619 composite?
True
Is 392699 a composite number?
False
Is 44841 a prime number?
False
Is 444167 a prime number?
True
Is 233323 prime?
True
Is 3785 a prime number?
False
Is 257667 composite?
True
Is 220823 a composite number?
True
Is 5297 a prime number?
True
Is 1501 prime?
False
Is 67391 prime?
True
Is 297977 a prime number?
False
Is 4749 a composite number?
True
Is 11351 a composite number?
False
Is 30017 a prime number?
False
Is 137279 prime?
True
Is 250109 composite?
False
Is 35771 prime?
True
Is 887153 composite?
False
Is 14845 composite?
True
Is 400483 prime?
False
Is 24523 prime?
False
Is 5143 composite?
True
Is 259241 a composite number?
True
Is 178681 prime?
True
Is 274 a composite number?
True
Is 509863 prime?
True
Is 1766 composite?
True
Is 522317 prime?
True
Is 391 prime?
False
Is 3719 a prime number?
True
Is 1900843 composite?
True
Is 17961 a prime number?
False
Is 120567 a prime number?
False
Is 223129 a prime number?
True
Is 21001 a prime number?
True
Is 16357 a composite number?
True
Is 230513 a composite number?
True
Is 46133 composite?
False
Is 20779 prime?
False
Is 45919 composite?
True
Is 83383 prime?
True
Is 187237 a prime number?
True
Is 148853 composite?
False
Is 56363 prime?
False
Is 9017 composite?
True
Is 23117 composite?
False
Is 18827 a composite number?
True
Is 269 a composite number?
False
Is 1153853 a prime number?
True
Is 32434 composite?
True
Is 5699 prime?
False
Is 142387 a prime number?
False
Is 419669 prime?
False
Is 323899 prime?
True
Is 461801 a prime number?
True
Is 28445 composite?
True
Is 58693 composite?
False
Is 34027 a composite number?
True
Is 27689 prime?
True
Is 851705 a composite number?
True
Is 251033 composite?
False
Is 2767 a composite number?
False
Is 62939 a composite number?
False
Is 32827 composite?
True
Is 2292567 composite?
True
Is 33949 a prime number?
False
Is 1599505 composite?
True
Is 4751 composite?
False
Is 20537 a composite number?
True
Is 16103 a prime number?
True
Is 1257 prime?
False
Is 37391 a prime number?
False
Is 62587 prime?
False
Is 433859 composite?
False
Is 3601517 composite?
False
Is 2491 composite?
True
Is 9773 a composite number?
True
Is 5623 a prime number?
True
Is 43069 a prime number?
False
Is 1247485 a prime number?
False
Is 3107 prime?
False
Is 90697 a composite number?
False
Is 231169 a prime number?
True
Is 841 a prime number?
False
Is 225717 a composite number?
True
Is 15071 a prime number?
False
Is 62121 a composite number?
True
Is 6007 a composite number?
False
Is 10211 composite?
False
Is 628195 composite?
True
Is 105277 a prime number?
True
Is 787 a prime number?
True
Is 168007 a prime number?
False
Is 3497 a composite number?
True
Is 407171 prime?
False
Is 1009727 composite?
False
Is 160097 a prime number?
False
Is 4759793 prime?
True
Is 16217 a composite number?
False
Is 168227 prime?
True
Is 7009 prime?
False
Is 39251 prime?
True
Is 116783 a prime number?
False
Is 608459 composite?
False
Is 126523 a prime number?
False
Is 1246571 composite?
True
Is 161033 prime?
True
Is 250957 a prime number?
False
Is 2497 a composite number?
True
Is 158126 a composite number?
True
Is 4442 prime?
False
Is 12047 prime?
False
Is 1486 composite?
True
Is 202661 composite?
False
Is 10541 a prime number?
False
Is 7057 a composite number?
False
Is 11497 prime?
True
Is 208433 a composite number?
False
Is 32137 composite?
True
Is 375197 a prime number?
False
Is 163783 a composite number?
True
Is 8191 composite?
False
Is 2168795 prime?
False
Is 36847 prime?
True
Is 949207 composite?
True
Is 8861 a composite number?
False
Is 1319 prime?
True
Is 386609 a composite number?
False
Is 399097 composite?
False
Is 95983 composite?
True
Is 308207 a composite number?
True
Is 21967 composite?
True
Is 518051 a prime number?
False
Is 3601 a prime number?
False
Is 393747 prime?
False
Is 26903 prime?
True
Is 14761 a composite number?
True
Is 504323 a composite number?
False
Is 2509589 prime?
False
Is 7393 composite?
False
Is 18933 prime?
False
Is 194431 a prime number?
True
Is 18947 a prime number?
True
Is 1435657 composite?
False
Is 52667 composite?
False
Is 31281 a composite number?
True
Is 1043 prime?
False
Is 9439 a composite number?
False
Is 131567 a composite number?
True
Is 37847 composite?
False
Is 147817 prime?
False
Is 64399 a prime number?
True
Is 122651 prime?
True
Is 232177 a prime number?
False
Is 204857 prime?
True
Is 161569 composite?
False
Is 1992413 a composite number?
True
Is 56969 prime?
False
Is 1091613 prime?
False
Is 119597 composite?
True
Is 474365 composite?
True
Is 353035 prime?
False
Is 139541 a composite number?
True
Is 117713 a composite number?
True
Is 36037 a prime number?
True
Is 20141 prime?
False
Is 48731 a composite number?
False
Is 25195 a prime number?
False
Is 2577203 composite?
False
Is 146273 a composite number?
False
Is 56819 a composite number?
True
Is 15441 prime?
False
Is 17417 composite?
False
Is 3079 prime?
True
Is 58831 composite?
False
Is 24443 prime?
True
Is 42991 composite?
True
Is 173651 a prime number?
True
Is 19661 a prime number?
True
Is 2402 a prime number?
False
Is 393 a composite number?
True
Is 733933 a composite number?
True
Is 13883 composite?
False
Is 1401513 a composite number?
True
Is 32366 a prime number?
False
Is 1123 prime?
True
Is 768403 a composite number?
True
Is 672445 a composite number?
True
Is 11131 composite?
False
Is 11771 a prime number?
False
Is 25639 a prime number?
True
Is 4111 prime?
True
Is 14257 a composite number?
True
Is 32117 composite?
False
Is 58759 a composite number?
True
Is 5371 composite?
True
Is 83969 a prime number?
True
Is 872587 a prime number?
True
Is 4541 a prime number?
False
Is 6006229 prime?
True
Is 12439 composite?
True